*r(v). Determine m(-5).
-2
Let p(c) = c**2 - 3. Let l(t) = t**2 + 11*t + 21. Let v be l(-18). Let k = v + -92. Let b = k - 60. What is p(b)?
22
Let f(w) be the third derivative of -w**6/120 + w**5/6 - 11*w**3/2 - 3*w**2 - 4*w + 3. What is f(10)?
-33
Let w(v) = -3 - 1 + 3*v - 9 - 23. Calculate w(7).
-15
Let n(d) = d**2 - 4 + 6*d + 0*d**2 - 2*d**2. Let b be 226/(-8) + 16/64. Let r be b/(-6) + (-20)/(-15). What is n(r)?
-4
Let i(t) be the first derivative of -9 + 5/3*t**3 + t - t**2. Suppose 4*m - 5 = -1. Determine i(m).
4
Let a(i) = -12*i + 9. Suppose 0 = 118*f - 74*f - 132. Give a(f).
-27
Suppose -10*d = -19*d + 54. Let k be -4*d/20*(12 - 17). Let h(r) = r**2 - 3*r - 14. Calculate h(k).
4
Let b(h) = -h - 9. Let t(j) be the second derivative of j**3/6 + 11*j**2/2 + 82*j. Let s(d) = 5*b(d) + 4*t(d). Determine s(-5).
4
Let l = 142 - 181. Let c be (l - -39) + (-1 - 7). Let p(z) = -4*z - 26. Calculate p(c).
6
Let u(f) = -7*f - 70. Let p be u(-10). Suppose 7*h - 11*h = p. Let x(t) = -5*t - 2. Let i(j) = 11*j + 4. Let s(y) = 6*i(y) + 13*x(y). Calculate s(h).
-2
Let p = -670 + 723. Let j(o) = -2*o + 4*o + p + 56 - 117. What is j(7)?
6
Let g be (38 - 4122/108)*0. Let h(w) = 2*w**2 - 11*w + 9. Let t(u) = -u**2 + 6*u - 4. Let c(s) = -6*h(s) - 11*t(s). Calculate c(g).
-10
Let m(g) = 23*g**3 - 24*g**2 - 2. Let w(d) = 27*d**3 - 27*d**2 + d - 3. Let o(t) = 7*m(t) - 6*w(t). What is o(-5)?
9
Let v(x) be the second derivative of -x**5/20 + 7*x**4/12 + 4*x**3/3 + 5*x**2 - 373*x. Let j be 5*(-2)/(-40) + (-62)/(-8). Calculate v(j).
10
Let g = -11 - -17. Let t(p) = -p + 1. Let i(q) = 6*q - 19. Let a(b) = -b**2 - 15*b + 53. Let n be a(-18). Let x(z) = n*i(z) - 5*t(z). Give x(g).
8
Suppose 1103*l + 28 = 4*j + 1101*l, -5*j = -4*l - 44. Let z(n) = 2*n**3 + n**2 - 4*n + 2. Determine z(j).
130
Suppose 7*a - 6*a - 4 = 0, -2 = -t - 2*a. Let j(i) = 2*i**3 + 10*i**2 - 12*i - 2. Let w be j(t). Let u(v) = -10*v**2 + 1. Calculate u(w).
-39
Let x(p) = -9*p - 12. Let k be x(-3). Let t be (1/((-2)/4))/(6/k). Let f(r) = -r**2 - 4*r + 9. What is f(t)?
4
Let k(s) = -s**3 + 5*s**2 + 5*s + 7. Suppose 0 = 4*q - 79 - 13. Let m = q + -20. Suppose -5*o = -5*g + 5, 3*o = g + 6 + m. Determine k(g).
1
Let b(u) = 3*u + 14. Suppose -76*a - 220 = 312. Give b(a).
-7
Let o be (4/(-10))/((-4)/170). Suppose 0 = -o*d + 44 + 75. Let t(y) be the third derivative of y**5/60 - 5*y**4/24 - 7*y**3/6 - y**2. Determine t(d).
7
Let a(n) = -55*n - 50*n + 10 + 104*n - 12. Give a(-6).
4
Let h(k) = -21*k + 1. Let i(s) = -4*s. Suppose 27 - 5 = -2*p. Let n(z) = p*i(z) + 2*h(z). Suppose 4 = -b, 0*y - 3*y - 4*b = 1. Calculate n(y).
12
Let q(y) be the second derivative of -y**5/20 - y**4/12 + y**3/3 + y**2/2 + y. Suppose 3*i = -4*o + 23, 10 = -5*o - 188*i + 192*i. Calculate q(o).
-7
Let m(y) be the first derivative of -y**6/360 - y**5/30 + 13*y**4/24 - 4*y**3/3 + 4*y**2 + 208. Let j(z) be the third derivative of m(z). What is j(-5)?
8
Let s(w) = 2*w**3 + 28*w**2 + 4*w - 1. Let g(k) = 3*k**3 + 35*k**2 + 5*k - 1. Let h(u) = 4*g(u) - 5*s(u). Let n be ((-6)/(-8))/(-3)*-4. Calculate h(n).
3
Let t(i) = 8159456 + 16*i + 2*i**3 - 16*i**2 - 3*i**3 - 8159442. Determine t(-17).
31
Let q = -13 - -6. Let k(s) = 3*s + 23. Let n(y) = -2*y + 11. Let v(c) = -3*c + 21. Let d(f) = 5*n(f) - 3*v(f). Let h(o) = 17*d(o) + 6*k(o). Calculate h(q).
-5
Let h(s) be the second derivative of -11*s**4/12 + 55*s**3/3 + 5*s**2/2 - 6*s + 28. Calculate h(10).
5
Let k(n) be the first derivative of -n - 1/2*n**2 + 277. Determine k(5).
-6
Let m(v) = -30*v + 97 + 10*v + 39 - 269. Calculate m(-6).
-13
Let l(s) = 109*s**3 + 5*s + 47. Let j(g) = 55*g**3 + 2*g + 19. Let w(u) = -5*j(u) + 2*l(u). Determine w(1).
-58
Let n(b) = b**2 - 32*b + 91. Let z be n(29). Let j(c) = -c**3 - 5*c**2 + 2*c - 3. Let k(q) = q**3 + 3*q**2 - 3*q + 4. Let d(l) = z*j(l) + 5*k(l). What is d(6)?
2
Let b(c) = 11*c + 58. Suppose -15 + 2 + 8 = s. Determine b(s).
3
Let l(o) = -o**3 - 15*o**2 - 16*o + 1. Suppose d + 6 = 200*y - 199*y, -y - 8 = 0. What is l(d)?
29
Let b be (14/(-4))/((-5859)/3348). Let g(n) = -3*n - 1. Let l be g(-1). Let k(v) = -3*v + 4*v - v**l + 0*v**2 + 1. What is k(b)?
-1
Let l(b) = -b**3 + 5*b**2 - b + 3. Let c = 245 - 631. Let f = 390 + c. Give l(f).
15
Let r(d) = -13*d + 64. Let b be r(8). Let f be 3/(-4) - -54*(-5)/b. Let g(p) = -2*p + 19. What is g(f)?
7
Suppose -5*b = 10*b - 240. Let q(c) = -b*c + 3*c**2 + 3*c + 1 + 6*c + 4*c + 4*c. Give q(-1).
3
Suppose 4*g = 4*y - 40, 0 = 3*y - 5*g - 34. Let l be (-21)/(-1)*y/6*-1. Let p = l - -24. Let w(u) = -u**3 - 3*u**2 + 4*u - 1. What is w(p)?
-1
Suppose 0 = -3*g + 2*g + 88. Let f = g + -86. Let v(j) = -10 + j**3 + 8 - 5*j**f - j - 4*j. Calculate v(6).
4
Let i = -4646 - -4633. Let t(f) = -2*f**3 - 23*f**2 + 40*f + 11. What is t(i)?
-2
Let t(g) = 23*g**2 - 6 - 34 + 288*g**3 - 133*g**3 - 157*g**3 + 16*g. Determine t(12).
8
Suppose 701*g - 684*g - 289 = 0. Let a(y) = y - 17. Calculate a(g).
0
Let n(j) be the first derivative of j**3/3 + 9*j**2/2 + 9*j - 10576. Determine n(-11).
31
Let w(a) = -19*a + 1. Suppose 0 = 3*g - 2*g + v + 6, 4*g - 5*v = -33. Let p(h) = -20*h + 1. Let o(t) = g*w(t) + 6*p(t). Determine o(-1).
-14
Suppose 159*a - 182*a + 625 = 4. Let g(z) = -z**2 + 25*z + 68. Give g(a).
14
Let i = 47 - 156. Let s = 106 + i. Let v(h) = -h**3 + 4*h - 1. Determine v(s).
14
Let g(i) be the third derivative of i**4/12 + i**3/3 - 699*i**2. Let q be 3*(40/6)/(-4). Determine g(q).
-8
Suppose 7*b + 28 = 3*b. Let l(i) = -i**2 - i. Let v(x) be the second derivative of 5*x**4/12 + x**3/6 - 5*x**2 + 8*x. Let z(y) = 6*l(y) + v(y). Calculate z(b).
-24
Let g(w) = -w**2 - 2*w + 3. Let u(l) = -l**2 - 11*l - 32. Let n be u(-4). Let y be g(n). Let z(a) be the third derivative of -a**4/12 - 16*a**2. Determine z(y).
10
Let b(z) = 5*z - z - 3*z. Let r(o) = -416*o - 834. Let c be r(-2). What is b(c)?
-2
Let z(r) = -22*r - 81. Let h be ((-25 - -16)/(30/(-4)))/(20/(-50)). Calculate z(h).
-15
Let f = -84 + 92. Let o(a) = -128 - 2*a - 4*a**2 - a**3 + f*a**2 + 124. Determine o(4).
-12
Let r(a) be the third derivative of -a**4/8 + 5*a**3/2 - 1316*a**2. Suppose -2*f = -f - 10. Calculate r(f).
-15
Let w(g) be the second derivative of -g**3/2 + 21*g**2 - 1727*g. What is w(13)?
3
Let w(j) = -12*j + 3. Let k(z) = 7 - 14*z**2 - 39*z + 3*z**2 - 13 + 2*z**3. Let n be k(8). What is w(n)?
-21
Let a(p) = 9*p**2 - 2 - 5 - 12*p**3 + 13*p**3 + 6*p. Let d = -214 + 294. Suppose 98*u = 108*u + d. Determine a(u).
9
Suppose 63 = -3*m - 114. Let x = 65 + m. Let l(s) = -s**2 + 1 + 4 + 0 - x. Give l(-1).
-2
Let o(j) = -j + 6. Let v = -31 - -48. Suppose l = 5*s + 9 + v, 4*s - 97 = -3*l. Suppose -5*b = 6 - l. What is o(b)?
1
Let x(a) = a**3 - 3*a**2 - a + 1. Let p(b) = -9*b + 30. Let c = 71 + -66. Suppose r + 5*s = c*r - 7, 3*r - 4*s = 5. Let o be p(r). Give x(o).
-2
Suppose 5*g = 2*n - 15, -2*n + 9 = -3*g - 4. Let o(h) = 8 - n - 4 + 4*h**2 - h**3 - 2*h. What is o(2)?
3
Suppose -23*t = -3*t - 60. Let q(i) = -39*i**t - 20*i**3 + 60*i**3 + 1 + 4*i**2. Give q(-2).
9
Let c(z) = -15*z**2 - 752*z - 87. Let t be c(-50). Let p(n) = -8*n + 67. Give p(t).
-37
Let r(v) = -v**3 - 11*v**2 + v + 6. Let y = 53 + -30. Suppose y*t + 132 = 11*t. Determine r(t).
-5
Let j be (-16)/(-56) + (-33)/(-7). Suppose 1 = -t + 4. Let v(d) = -d**2 + d**2 + j*d**2 - t - 4*d**2 + 6*d. Give v(-6).
-3
Let k(j) = -2*j**2 - 44*j - 30. Let x be 1/(-1) + 52/(-3) - 1052/(-789). What is k(x)?
140
Suppose 0 = -5*n + 3*g, -n + g = -5*n. Suppose 2*u + 74 - 82 = n. Let w(d) = d**2 + 3*d + 1. Calculate w(u).
29
Let h be 2/6 + 46/6. Suppose h*a + 33 = -7. Let t(j) be the third derivative of j**5/60 + 11*j**4/24 + 5*j**3/6 - 2*j**2 + 94. Calculate t(a).
-25
Suppose -5*o = -3*f - 598 + 541, 2*f - 5*o = -48. Let b(w) = 124*w + 1109. Calculate b(f).
-7
Let x(l) = 11*l - 69. Suppose 237 = 42*s - 15. What is x(s)?
-3
Let t(c) = c**2 - 6*c + 1. Suppose 5*u - 24 = 321. Let q = u + -64. Determine t(q).
-4
Suppose 780 = 53*r - 107*r + 2*r. Let p(o) = o**3 + 15*o**2 + o - 11. Give p(r).
-26
Let h be 60/36*(4 - 1). Let c(z) = 2*z**2 - 13*z + 4. Let d be c(h). Let k(f) = -f**2 - 10*f - 9. Give k(d).
-20
Let l(r) = -r - 1. Let m = 183 + -288. Let t be 39/7 - (-60)/m. Determine l(t).
-6
Let z(h) = h + 8. Let p be 16/2 + -4 + 1. Su